{"id":26826,"date":"2026-05-02T15:38:32","date_gmt":"2026-05-02T20:38:32","guid":{"rendered":"https:\/\/artecma.desarrolloicono.com.co\/?post_type=product&#038;p=26826"},"modified":"2026-05-02T15:39:18","modified_gmt":"2026-05-02T20:39:18","slug":"cojin-ergonomico-lumbar","status":"publish","type":"product","link":"https:\/\/artecma.desarrolloicono.com.co\/es\/producto\/cojin-ergonomico-lumbar\/","title":{"rendered":"Coj\u00edn ergon\u00f3mico lumbar"},"content":{"rendered":"<div class=\"su-tabs su-tabs-style-default su-tabs-mobile-stack\" data-active=\"1\" data-scroll-offset=\"0\" data-anchor-in-url=\"no\"><div class=\"su-tabs-nav\"><span class=\"\" data-url=\"\" data-target=\"blank\" tabindex=\"0\" role=\"button\">MEDIDAS PRODUCTO<\/span><span class=\"\" data-url=\"\" data-target=\"blank\" tabindex=\"0\" role=\"button\">CARACTER\u00cdSTICAS<\/span><\/div><div class=\"su-tabs-panes\"><div class=\"su-tabs-pane su-u-clearfix su-u-trim\" data-title=\"MEDIDAS PRODUCTO\">\n<ul>\n<li>Alto: 32 cm<\/li>\n<li>Ancho: 35 cm<\/li>\n<li>Fondo: 11 cm<\/li>\n<li>Peso: 381 gr<\/li>\n<\/ul>\n<p><strong>Nota:<\/strong> Las medidas y el peso son aproximados.<\/p>\n<\/div>\n<div class=\"su-tabs-pane su-u-clearfix su-u-trim\" data-title=\"CARACTER\u00cdSTICAS\">\n<ul>\n<li>Ubique el coj\u00edn en el espaldar de la silla, con la curva m\u00e1s prominente hacia abajo.<\/li>\n<li>Ajuste la correa el\u00e1stica detr\u00e1s del espaldar de modo que el coj\u00edn quede seguro.<\/li>\n<li>Para su limpieza retirar el forro y l\u00e1velo a mano con agua fr\u00eda y jab\u00f3n suave.<\/li>\n<\/ul>\n<\/div><\/div><\/div>\n<a href=\"https:\/\/fichas.artecma.com\/ergonomia\/1096.pdf\" class=\"su-button su-button-style-default woocommerce button ficha-tecnica-2\" style=\"color:#FFFFFF;background-color:#63fd23;border-color:#50cb1c;border-radius:5px\" target=\"__blank\"><span style=\"color:#FFFFFF;padding:0px 16px;font-size:13px;line-height:26px;border-color:#92fe65;border-radius:5px;text-shadow:none\"> DESCARGAR FICHA T\u00c9CNICA<\/span><\/a>\n<p>&nbsp;<\/p>\n<p>&nbsp;<\/p>","protected":false},"excerpt":{"rendered":"<ul>\n<li>\u00a0Mejora la postura y brinda un soporte a la espalda.<\/li>\n<li>\u00a0Previene la tensi\u00f3n muscular.<\/li>\n<li>\u00a0Ayuda a prevenir los dolores de espalda asociados a malas posturas.<\/li>\n<\/ul>","protected":false},"featured_media":26885,"comment_status":"closed","ping_status":"closed","template":"","meta":{"_joinchat":[]},"product_brand":[],"product_cat":[108,78],"product_tag":[],"class_list":["post-26826","product","type-product","status-publish","has-post-thumbnail","product_cat-accesorios-ergonomicos","product_cat-linea-ergonomica","first","instock","taxable","shipping-taxable","purchasable","product-type-simple"],"aioseo_notices":[],"_links":{"self":[{"href":"https:\/\/artecma.desarrolloicono.com.co\/es\/wp-json\/wp\/v2\/product\/26826","targetHints":{"allow":["GET"]}}],"collection":[{"href":"https:\/\/artecma.desarrolloicono.com.co\/es\/wp-json\/wp\/v2\/product"}],"about":[{"href":"https:\/\/artecma.desarrolloicono.com.co\/es\/wp-json\/wp\/v2\/types\/product"}],"replies":[{"embeddable":true,"href":"https:\/\/artecma.desarrolloicono.com.co\/es\/wp-json\/wp\/v2\/comments?post=26826"}],"wp:featuredmedia":[{"embeddable":true,"href":"https:\/\/artecma.desarrolloicono.com.co\/es\/wp-json\/wp\/v2\/media\/26885"}],"wp:attachment":[{"href":"https:\/\/artecma.desarrolloicono.com.co\/es\/wp-json\/wp\/v2\/media?parent=26826"}],"wp:term":[{"taxonomy":"product_brand","embeddable":true,"href":"https:\/\/artecma.desarrolloicono.com.co\/es\/wp-json\/wp\/v2\/product_brand?post=26826"},{"taxonomy":"product_cat","embeddable":true,"href":"https:\/\/artecma.desarrolloicono.com.co\/es\/wp-json\/wp\/v2\/product_cat?post=26826"},{"taxonomy":"product_tag","embeddable":true,"href":"https:\/\/artecma.desarrolloicono.com.co\/es\/wp-json\/wp\/v2\/product_tag?post=26826"}],"curies":[{"name":"wp","href":"https:\/\/api.w.org\/{rel}","templated":true}]}}

Cojín ergonómico lumbar

<div class="su-tabs su-tabs-style-default su-tabs-mobile-stack" data-active="1" data-scroll-offset="0" data-anchor-in-url="no"><div class="su-tabs-nav"><span class="" data-url="" data-target="blank" tabindex="0" role="button">MEDIDAS PRODUCTO</span><span class="" data-url="" data-target="blank" tabindex="0" role="button">CARACTERÍSTICAS</span></div><div class="su-tabs-panes"><div class="su-tabs-pane su-u-clearfix su-u-trim" data-title="MEDIDAS PRODUCTO">
<ul>
<li>Alto: 32 cm</li>
<li>Ancho: 35 cm</li>
<li>Fondo: 11 cm</li>
<li>Peso: 381 gr</li>
</ul>
<p><strong>Nota:</strong> Las medidas y el peso son aproximados.</p>
</div>
<div class="su-tabs-pane su-u-clearfix su-u-trim" data-title="CARACTERÍSTICAS">
<ul>
<li>Ubique el cojín en el espaldar de la silla, con la curva más prominente hacia abajo.</li>
<li>Ajuste la correa elástica detrás del espaldar de modo que el cojín quede seguro.</li>
<li>Para su limpieza retirar el forro y lávelo a mano con agua fría y jabón suave.</li>
</ul>
</div></div></div>
<a href="https://fichas.artecma.com/ergonomia/1096.pdf" class="su-button su-button-style-default woocommerce button ficha-tecnica-2" style="color:#FFFFFF;background-color:#63fd23;border-color:#50cb1c;border-radius:5px" target="__blank"><span style="color:#FFFFFF;padding:0px 16px;font-size:13px;line-height:26px;border-color:#92fe65;border-radius:5px;text-shadow:none"> DESCARGAR FICHA TÉCNICA</span></a>
<p>&nbsp;</p>
<p>&nbsp;</p>

<ul>
<li> Mejora la postura y brinda un soporte a la espalda.</li>
<li> Previene la tensión muscular.</li>
<li> Ayuda a prevenir los dolores de espalda asociados a malas posturas.</li>
</ul>
