{"id":27074,"date":"2026-05-02T15:41:55","date_gmt":"2026-05-02T20:41:55","guid":{"rendered":"https:\/\/artecma.desarrolloicono.com.co\/?post_type=product&#038;p=27074"},"modified":"2026-05-02T15:43:21","modified_gmt":"2026-05-02T20:43:21","slug":"planeador-semanal-vertical","status":"publish","type":"product","link":"https:\/\/artecma.desarrolloicono.com.co\/es\/producto\/planeador-semanal-vertical\/","title":{"rendered":"Planeador semanal vertical"},"content":{"rendered":"<div class=\"su-tabs su-tabs-style-default su-tabs-mobile-stack\" data-active=\"1\" data-scroll-offset=\"0\" data-anchor-in-url=\"no\"><div class=\"su-tabs-nav\"><span class=\"\" data-url=\"\" data-target=\"blank\" tabindex=\"0\" role=\"button\">MEDIDAS PRODUCTO<\/span><span class=\"\" data-url=\"\" data-target=\"blank\" tabindex=\"0\" role=\"button\">CARACTER\u00cdSTICAS<\/span><\/div><div class=\"su-tabs-panes\"><div class=\"su-tabs-pane su-u-clearfix su-u-trim\" data-title=\"MEDIDAS PRODUCTO\">\n<ul>\n<li>Alto: 48 cm<\/li>\n<li>Ancho: 36 cm<\/li>\n<li>Fondo: 0.4 cm<\/li>\n<li>Peso: 590 gr<\/li>\n<\/ul>\n<p><strong>Nota:<\/strong> Las medidas y el peso son aproximados. Al ser un producto en madera, puede presentar variaciones.<\/p>\n<\/div>\n<div class=\"su-tabs-pane su-u-clearfix su-u-trim\" data-title=\"CARACTER\u00cdSTICAS\">\n<ul>\n<li>No usar marcador permanente.<\/li>\n<li>Peso ligero para f\u00e1cil transporte.<\/li>\n<li>Sin marco.<\/li>\n<li>Borde redondeado.<\/li>\n<li>Incluye marcador.<\/li>\n<\/ul>\n<\/div><\/div><\/div>\n<a href=\"https:\/\/fichas.artecma.com\/visual\/1370.pdf\" class=\"su-button su-button-style-default woocommerce button ficha-tecnica-2\" style=\"color:#FFFFFF;background-color:#63fd23;border-color:#50cb1c;border-radius:5px\" target=\"__blank\"><span style=\"color:#FFFFFF;padding:0px 16px;font-size:13px;line-height:26px;border-color:#92fe65;border-radius:5px;text-shadow:none\"> DESCARGAR FICHA T\u00c9CNICA<\/span><\/a>\n<p>&nbsp;<\/p>\n<p>&nbsp;<\/p>","protected":false},"excerpt":{"rendered":"<ul>\n<li>Organizaci\u00f3n clara de toda la semana<br \/>\nPermite visualizar de forma r\u00e1pida las actividades de lunes a viernes, m\u00e1s espacios para s\u00e1bado, domingo y notas.<\/li>\n<li>Ayuda a priorizar tareas y distribuir cargas de trabajo semanalmente.<\/li>\n<li>Brinda buen espacio de escritura sin ocupar demasiado espacio.<\/li>\n<li>Permite borrar f\u00e1cilmente sin dejar manchas ni sombras, manteniendo una presentaci\u00f3n impecable.<\/li>\n<\/ul>","protected":false},"featured_media":27169,"comment_status":"closed","ping_status":"closed","template":"","meta":{"_joinchat":[]},"product_brand":[],"product_cat":[109,123,128],"product_tag":[],"class_list":["post-27074","product","type-product","status-publish","has-post-thumbnail","product_cat-linea-visual","product_cat-tableros","product_cat-tableros-pequenos","first","instock","taxable","shipping-taxable","purchasable","product-type-simple"],"aioseo_notices":[],"_links":{"self":[{"href":"https:\/\/artecma.desarrolloicono.com.co\/es\/wp-json\/wp\/v2\/product\/27074","targetHints":{"allow":["GET"]}}],"collection":[{"href":"https:\/\/artecma.desarrolloicono.com.co\/es\/wp-json\/wp\/v2\/product"}],"about":[{"href":"https:\/\/artecma.desarrolloicono.com.co\/es\/wp-json\/wp\/v2\/types\/product"}],"replies":[{"embeddable":true,"href":"https:\/\/artecma.desarrolloicono.com.co\/es\/wp-json\/wp\/v2\/comments?post=27074"}],"wp:featuredmedia":[{"embeddable":true,"href":"https:\/\/artecma.desarrolloicono.com.co\/es\/wp-json\/wp\/v2\/media\/27169"}],"wp:attachment":[{"href":"https:\/\/artecma.desarrolloicono.com.co\/es\/wp-json\/wp\/v2\/media?parent=27074"}],"wp:term":[{"taxonomy":"product_brand","embeddable":true,"href":"https:\/\/artecma.desarrolloicono.com.co\/es\/wp-json\/wp\/v2\/product_brand?post=27074"},{"taxonomy":"product_cat","embeddable":true,"href":"https:\/\/artecma.desarrolloicono.com.co\/es\/wp-json\/wp\/v2\/product_cat?post=27074"},{"taxonomy":"product_tag","embeddable":true,"href":"https:\/\/artecma.desarrolloicono.com.co\/es\/wp-json\/wp\/v2\/product_tag?post=27074"}],"curies":[{"name":"wp","href":"https:\/\/api.w.org\/{rel}","templated":true}]}}

<div class="su-tabs su-tabs-style-default su-tabs-mobile-stack" data-active="1" data-scroll-offset="0" data-anchor-in-url="no"><div class="su-tabs-nav"><span class="" data-url="" data-target="blank" tabindex="0" role="button">MEDIDAS PRODUCTO</span><span class="" data-url="" data-target="blank" tabindex="0" role="button">CARACTERÍSTICAS</span></div><div class="su-tabs-panes"><div class="su-tabs-pane su-u-clearfix su-u-trim" data-title="MEDIDAS PRODUCTO">
<ul>
<li>Alto: 48 cm</li>
<li>Ancho: 36 cm</li>
<li>Fondo: 0.4 cm</li>
<li>Peso: 590 gr</li>
</ul>
<p><strong>Nota:</strong> Las medidas y el peso son aproximados. Al ser un producto en madera, puede presentar variaciones.</p>
</div>
<div class="su-tabs-pane su-u-clearfix su-u-trim" data-title="CARACTERÍSTICAS">
<ul>
<li>No usar marcador permanente.</li>
<li>Peso ligero para fácil transporte.</li>
<li>Sin marco.</li>
<li>Borde redondeado.</li>
<li>Incluye marcador.</li>
</ul>
</div></div></div>
<a href="https://fichas.artecma.com/visual/1370.pdf" class="su-button su-button-style-default woocommerce button ficha-tecnica-2" style="color:#FFFFFF;background-color:#63fd23;border-color:#50cb1c;border-radius:5px" target="__blank"><span style="color:#FFFFFF;padding:0px 16px;font-size:13px;line-height:26px;border-color:#92fe65;border-radius:5px;text-shadow:none"> DESCARGAR FICHA TÉCNICA</span></a>
<p>&nbsp;</p>
<p>&nbsp;</p>

<ul>
<li>Organización clara de toda la semana<br />
Permite visualizar de forma rápida las actividades de lunes a viernes, más espacios para sábado, domingo y notas.</li>
<li>Ayuda a priorizar tareas y distribuir cargas de trabajo semanalmente.</li>
<li>Brinda buen espacio de escritura sin ocupar demasiado espacio.</li>
<li>Permite borrar fácilmente sin dejar manchas ni sombras, manteniendo una presentación impecable.</li>
</ul>
